 = -119 + w. What are the prime factors of l?
5, 23
Let b = -50508 + 72102. What are the prime factors of b?
2, 3, 59, 61
Let g = 44984 - 13694. What are the prime factors of g?
2, 3, 5, 7, 149
Let p be (-520)/(-9) - (-24)/108. Let f be 2/4*0/3. Suppose 3*k - 2*w - p - 116 = f, -k = 4*w - 44. List the prime factors of k.
2, 7
Let y = -55 - -43. Let d = 526 - 986. What are the prime factors of (y/(-8))/((-5)/d)?
2, 3, 23
Let j be 26/325 + (-1306)/(9/(-8) + -2). Suppose -654 = 3*a + 2*l, -2*l + 101 = -2*a - 335. Let h = a + j. What are the prime factors of h?
2, 5
Let p(h) = -26*h**3 - 16*h**2 - 17*h - 5. List the prime factors of p(-6).
11, 467
Suppose 0 = -3*v + 2*d + 24332 + 3002, -18222 = -2*v + 2*d. List the prime factors of v.
2, 17, 67
Suppose 2*t = 4*d + 56, -4*t + 5*d - 3*d = -82. Let i be t/(-6)*15/(-9) - 3. Suppose j = i*j - 2*g - 92, 2*g - 398 = -4*j. What are the prime factors of j?
2, 7
Let z(b) = b**3 + 55*b**2 + 100*b - 570. List the prime factors of z(-49).
2, 1117
Suppose 3*g - 113234 = -2*u, -5*g + 113237 = -2*g + 5*u. What are the prime factors of g?
2, 7, 337
Let d = 2728 - 1202. Suppose d = 2*c - 3*v + 8*v, -2*c + v = -1526. List the prime factors of c.
7, 109
Let o = -67 + 82. Let s be ((-6)/10)/(o/(-50)). Suppose -282 = -2*w + 3*u, s*w - 2*u - 136 = 148. What are the prime factors of w?
2, 3
What are the prime factors of 3/((-143276)/(-11018) + -13)?
787
Let w be -2 - (-68)/11 - 14/77. Suppose 2*n - 1110 = -w*s, 0*n = 3*s + n - 833. What are the prime factors of s?
2, 139
Let y(q) = 17*q**2 + 22*q - 46. List the prime factors of y(14).
2, 3, 599
Suppose b + 5 = 0, 25*x = 29*x + 5*b - 104091. List the prime factors of x.
26029
Let r(t) = -5*t**2 + 9*t - 10. Let g(d) = 6*d**2 - 10*d + 10. Let c(v) = 6*g(v) + 7*r(v). Let o be c(-8). Let l = 35 - o. List the prime factors of l.
5
Let q(j) = -2*j**2 + 2*j + 30. Let f be q(-5). List the prime factors of (-4 - 2195/f) + 1/(-6).
3, 23
Suppose -j - 5*w = -7660, -12*w + 38216 = 5*j - 8*w. Suppose -j = -17*u + 5501. What are the prime factors of u?
773
Suppose -2*y = -0*y - 166. Suppose 0 = 28*p - 1684 - 2264. Let x = p - y. What are the prime factors of x?
2, 29
What are the prime factors of (-7 - (9 + (0 - 8))) + 9740?
2, 3, 811
Suppose 0 = -6*d + 10*d - 536. Suppose -d = -s + 3*r + 181, -5*s + 4*r + 1564 = 0. Suppose -3*c + 11*c - s = 0. List the prime factors of c.
3, 13
List the prime factors of 5949/(-12)*(-6708)/387.
13, 661
Let z(r) = -2*r**2 - r + 1. Let j(x) = 11*x**2 + 9*x - 77. Let l(p) = j(p) + 5*z(p). What are the prime factors of l(-15)?
3, 31
Suppose 4*g - 4*s - 23504 = 0, 10*s + 5896 = g + 5*s. What are the prime factors of g?
3, 19, 103
Suppose -5 = -s - 5*t, -2*s + t = 2*t - 1. Suppose s*q - 48 = -q. Let u = 86 + q. What are the prime factors of u?
2, 67
Let d be (-24)/5*(-90)/27. Suppose 0 = -s + 2*f + 205, 11*f = 7*f + d. What are the prime factors of s?
3, 71
Suppose 2*a = -2*c - 2904, 3008 = -2*c + 2*a + 124. Let k = c - -3104. List the prime factors of k.
1657
Let n be ((-6)/(-4))/((-3)/(-8)). Let q(k) = -4*k**2 + 5*k**2 - 3 + 3*k**2 - n*k. List the prime factors of q(6).
3, 13
List the prime factors of 6 - (5 - 285/55 - 2828208/132).
2, 3, 19, 47
Let g(o) be the third derivative of 0*o**4 - 7/120*o**6 + 0*o + 1/6*o**3 - 17*o**2 - 1/60*o**5 + 0. List the prime factors of g(-2).
53
Let w = -314 - -330. Suppose 28*b = w*b + 4932. List the prime factors of b.
3, 137
Let f(g) = 235*g - 149. Let j be f(3). Suppose j = 2*y + p - 510, -4*p + 533 = y. What are the prime factors of y?
13, 41
Suppose -25*x - 204125 = -101*x - 39*x. What are the prime factors of x?
5, 71
Let o be 2*(10/(-4) - -2). List the prime factors of 5 - 0 - (o - 187).
193
Suppose -93 = 5*w + 42. Let s be (-1)/(3/w*-3). List the prime factors of (-206)/s - (-8)/(-12).
2, 17
Let r be (3 + 75/(-20))*128. Let q = -98 - r. List the prime factors of ((-2)/4)/(q/468).
3, 13
Suppose 55*o - 20*o - 88760 = 0. Suppose 5*j = 5*b + 6265, 11*b - 15*b = 2*j - o. List the prime factors of j.
2, 17, 37
Suppose 389588 = 76*x - 179424. List the prime factors of x.
7487
Suppose 5*o - 3*u = 0, u + 2*u = 0. Suppose o = -5*x - 4*x - 1548. List the prime factors of 5 - x - (-12)/3.
181
Let h(m) be the second derivative of 113*m**4/6 - m**3/3 - 4*m**2 - 136*m. List the prime factors of h(-2).
2, 3, 5
Let q(k) = -16*k + 21. Let l(n) = -2*n. Let t(z) = 6*l(z) - q(z). Let h be t(8). Suppose -h*i = -8*i - 423. What are the prime factors of i?
3, 47
List the prime factors of ((-430)/344)/((-20)/20192).
2, 631
Suppose m - 2*p = 10249, -1802*m + 1799*m + 5*p = -30748. What are the prime factors of m?
3, 17, 67
Suppose -2*z + 4*z + 195 = 5*t, -5*z = -t + 522. Let w be (-58)/(4 - (-2 + 5)). Let x = w - z. List the prime factors of x.
47
Suppose -169*l + 36938 + 30493 = 0. List the prime factors of l.
3, 7, 19
Suppose 4*a - 1104 = -1100, 4*w + 2*a - 47698 = 0. List the prime factors of w.
2, 11, 271
Suppose 0 = 2*s - 1853 - 206 + 529. List the prime factors of s.
3, 5, 17
Suppose -14*u + 105548 = -219837 + 10903. List the prime factors of u.
7, 3209
Let k(p) be the first derivative of -11/2*p**2 + 41 - 4*p - 1/4*p**4 + 16/3*p**3. List the prime factors of k(14).
2, 3, 13
Let i(g) = 3 + 3*g**2 + 2*g**2 - 9*g + 25 + 2. Let x be i(6). Suppose 18*b - x = 14*b. What are the prime factors of b?
3, 13
Let x = -128 - -179. Suppose -131 = 14*g + x. List the prime factors of -13*(-1 + (g - 1)).
3, 5, 13
Let y(g) = 10*g + 58855 - 58811 + 16*g**2 - 35*g. What are the prime factors of y(6)?
2, 5, 47
Let q(m) = 6*m**2 + 0 + 2*m + 10*m**2 + 11*m - 13 + m**3. Let h be q(-15). Suppose -h = 9*y - 80. List the prime factors of y.
7
Let f be (3 - 18)*574/35. Suppose j = -a - 3*j - 178, 347 = -2*a + j. Let y = a - f. List the prime factors of y.
2, 3
Suppose -2*s = 3*y + 76, 0*s - 75 = 3*y + 3*s. Let a = 40 + y. Suppose -15*i + a*i + 49 = 0. List the prime factors of i.
7
Let i(c) = c**3 + 2*c**2 - 5*c - 3. Let g be i(-3). List the prime factors of (g + -2)/(6/4152).
2, 173
Suppose 0 = a - 5*c - 10, -2*c + 1 - 7 = 0. Let r be (1 + a)*-2*(-3)/(-4). Suppose -r*j + 2100 = 6*j. List the prime factors of j.
5, 7
Let w(y) = 4*y**2 + 4*y - 5. Let z be w(1). Suppose 176 = -z*m - 5*f, 5*m + 0*f + 283 = 2*f. Let a = m - -111. List the prime factors of a.
2, 3
Suppose 7*t - 9*t = -g - 21369, -5*g + 10690 = t. What are the prime factors of t?
5, 2137
Let b(s) = s**3 + 13*s**2 - 18*s - 54. Let r be b(-14). Suppose 3*w + r = 17, -2*l = -w - 131. List the prime factors of l.
2, 17
List the prime factors of (-12)/(-3)*(12216048/832 - (-10)/(-1)).
19, 3089
Let x(d) = 3*d**3 - 2*d**2 - 2*d + 3. Let p be x(2). Suppose 2*h - 4*h = r - 17, 0 = h - 2*r - 16. Suppose 0 = -p*u + h*u + 1200. List the prime factors of u.
2, 3, 5
Suppose -2*s - 996 = -5*z, -3*z + 324 = -4*s - 268. Suppose 3*b = 2*k + 9, -4*b - 3*k = -7 - 5. Suppose 7*o - b*o - z = 0. What are the prime factors of o?
2, 5
Suppose -4 - 44 = 6*i. Let t be i/20 + (547/5 - -1). Suppose -4*s + x = -184, 0 = -2*s - 2*x + t - 28. List the prime factors of s.
3, 5
Suppose -5*x - 22 = 2*g, -16*x - g = -13*x + 14. List the prime factors of (1011/x)/((-246)/48 + 5).
2, 337
Suppose 3*p - 103 = 2*i + 31, i - 5*p + 60 = 0. Let n = -65 - i. Suppose n*b - 1578 = -233. List the prime factors of b.
269
Let y = 234 + -142. Let g = 912 + y. List the prime factors of g.
2, 251
Let f(j) = 36*j**2 + 49*j + 1917. List the prime factors of f(-38).
13, 4003
Suppose -51*o = -56*o + 45. What are the prime factors of (616/6 + 2)*o?
2, 3, 157
Suppose 0*s = -s + 6. Suppose -y = -s*y + 10*y. Suppose c = y, -c = -l + 3*l - 58. List the prime factors of l.
29
Let o = -12789 - -18981. What are the prime factors of o?
2, 3, 43
Let b(o) = o**3 - 124*o**2 - 321*o - 170. List the prime factors of b(128).
2, 61, 199
Suppose 0 = 10*w - 17830 - 4580. Suppose -8*f + w = -1015. List the prime factors of f.
11, 37
Let q = 115 - 113. Suppose 297 = -0*o + q*o + n, -3*o - n = -446. What are the prime factors of o?
149
What are the prime factors of (-159)/(-4) - (-45)/180?
2, 5
Let s(g) = 1386*g + 1167. List the prime factors of s(31).
3, 47, 313
Let j = -11744 + 22984. Suppose j = 48*h - 57832. List the prime factors of h.
1439
Let j(x) = -16923*x + 705.